 digit of v/(-2) - (-1)/2?
7
Let a be (-2)/6 - 48/(-9). Suppose 2*d - 4 = d. Suppose -4*i - d*h + 40 = 0, -2*i + a*h - 17 = -72. What is the tens digit of i?
1
Suppose 608 = 7*r - 792. What is the units digit of r?
0
Let h be (-6 - -2)/(-1*2). Suppose 1 = -h*g + 5. Suppose -g*n = -3 - 7. What is the units digit of n?
5
Suppose 3*q + y - 891 = 0, -5*q + 5*y - 903 = -8*q. What is the units digit of q?
6
Let f = -11 - -20. Suppose 3*y - 60 = -f. What is the units digit of y?
7
Let i = 254 + -91. What is the units digit of i?
3
Let w = -15 - -18. What is the units digit of w?
3
Suppose -k = 3*k - 176. What is the units digit of (k/5)/((-2)/(-5))?
2
Suppose 3*i - 297 - 210 = 0. What is the hundreds digit of i?
1
Let q be 12/(6*2/8). What is the tens digit of q/(-4) + 19 + 2?
1
Suppose -7 - 13 = -5*r. Suppose 8 = r*a - 2*a. What is the units digit of a?
4
Let o(g) = g**2 + 4*g + 8. What is the tens digit of o(-8)?
4
Let f = -10 - -13. What is the units digit of 2/f - 76/(-12)?
7
Let w(p) = -2*p - 4. Let s(t) = -t - 2. Let h(x) = 14*s(x) - 6*w(x). What is the units digit of h(-4)?
4
Let z(f) = f**3 - 13*f**2 - f + 7. Let j be z(13). What is the tens digit of (0 - 1) + j + 35?
2
Suppose 3 = -3*o - 4*h - 15, h = o - 1. What is the units digit of (-128)/(-24)*(-3)/o?
8
Let h(r) = r**3. Let m be (8/(-2) - -2) + 3. What is the units digit of h(m)?
1
Let b(f) = 11*f + 6. What is the tens digit of b(8)?
9
Let v(r) = -3*r**3. Let p be v(1). Let z = p + 3. Let i(f) = -f + 6. What is the units digit of i(z)?
6
Suppose 3*y + 3*p - 270 = 0, 0 = y + 3*p + 2*p - 90. What is the tens digit of y?
9
Let y = -29 + 18. Let x = y - -19. What is the units digit of x?
8
Suppose 5*c = 4*v - 7*v + 639, -v + 221 = -c. What is the hundreds digit of v?
2
Let s be (-7)/21 + (-70)/6. Let f = s + 15. What is the units digit of f?
3
What is the tens digit of (-245)/(-9) - (-26)/(-117)?
2
Let v = 1 + 4. Let w be (-2)/4 + v/2. Suppose y - 2*y + w = 0. What is the units digit of y?
2
Let o(v) = 5*v - 1. Suppose -3*b + 0*u - u = -1, -4*b + 2*u = -8. What is the units digit of o(b)?
4
Suppose k = -3*k + c + 51, 3*c + 23 = 2*k. What is the units digit of k?
3
Let f(k) = 20*k - 7. What is the units digit of f(3)?
3
What is the units digit of -12*(-6)/(-2)*112/(-24)?
8
Let y(v) = 2*v**2 - 17*v + 12. Let k be y(8). Suppose 2*h + k = 52. What is the tens digit of h?
2
Let y be -1*-1*(-8 + 1). Let w be y/4 + (-2)/8. What is the tens digit of (24/w - -2)*-1?
1
Let f = -4 + 6. Suppose f*o = 4, -5*o + 15 = k + 2. What is the units digit of k?
3
Let f(s) be the third derivative of -s**5/60 + 7*s**4/24 + 4*s**3/3 - 4*s**2. Let r be f(6). What is the units digit of (r + -1 + 3)/1?
6
Let g(t) = -t**3 + 8*t**2 + 15*t + 14. What is the units digit of g(9)?
8
Let g(j) = -j - 8. Let s = -6 + -2. Let w be g(s). Suppose w = 2*k - 4*k + 28. What is the tens digit of k?
1
Let i be (-144)/14 + 12/42. Let q = i - -12. Suppose -37 + 7 = -q*l. What is the units digit of l?
5
Let i(q) = -3*q**2 - 4*q + 5 - 3 + 6*q**2. Let z(h) = h**2 - h. Let x(n) = i(n) - 2*z(n). What is the units digit of x(2)?
2
Suppose u = -u + 10. Suppose k = -u*s + 154, 0 = 5*s - 0*s + 2*k - 153. What is the tens digit of s?
3
Let s(h) = -h + 10. Let r be (-70)/(-7) - (1 - 0). What is the units digit of s(r)?
1
Suppose 11 + 5 = 4*h. Suppose -h*r - n = -6*n - 51, 5*n = 2*r - 23. What is the units digit of r?
4
Let l be -28*(-5)/25*-5. Suppose -71 = 4*a - 19. Let b = a - l. What is the tens digit of b?
1
Let w(d) = 29*d + 13. What is the units digit of w(5)?
8
Let y be -1*3 + 86/2. Suppose -4*u = -8*u - y. Let m = 2 - u. What is the tens digit of m?
1
Let v(l) = 12*l + 2. What is the units digit of v(2)?
6
Let p(n) = -4*n - 3. What is the units digit of p(-1)?
1
Let v = -27 - 4. What is the tens digit of 2*v/6*-3?
3
Suppose -4*w = 4*g - 292, 3*g = 4*w + 2*g - 282. What is the tens digit of w?
7
Let b = -1 + 6. Let u(w) = w - 4. What is the units digit of u(b)?
1
Let w(q) = 155*q - 4. What is the tens digit of w(1)?
5
Suppose -87 = -6*c + 903. What is the units digit of c?
5
Let r be ((-9)/6)/((-6)/(-8)). What is the units digit of ((-26)/4 - -1)*r?
1
Suppose q - 1 - 2 = 0. Let u be 2/q - (-14)/(-3). Let t(l) = -l - 3. What is the units digit of t(u)?
1
Suppose 208 - 1378 = -9*o. What is the tens digit of o?
3
Let s = 14 + -9. Let u(m) = 4 + m**3 - 5*m**2 - 12*m + 17*m - 2*m. What is the tens digit of u(s)?
1
Suppose 6 - 15 = -3*c. Suppose -c*r + 3 = 4*u - 0, -5*r = 2*u - 5. What is the units digit of r?
1
Suppose -9*j + 51 = -6*j. Suppose j*k = 13*k + 164. What is the units digit of k?
1
Suppose 4*z - 135 = 2*b + b, 4*z + 3*b - 153 = 0. What is the tens digit of z?
3
Let l(w) = -w**2 + 6*w - 7. Let i be l(5). Let a = -1 + 0. What is the units digit of -2*a*i/(-4)?
1
Let b be 3/2*24/18. Suppose 5*v - 2 - 12 = 3*g, 3*v - b*g - 9 = 0. What is the units digit of (0 + 9)*v/3?
3
What is the hundreds digit of (22/2)/((-27)/(-459))?
1
Suppose 3*c + 19 = -4*z - 33, 0 = z + 5*c + 30. Let q(d) = 2*d. Let o be q(7). Let x = z + o. What is the units digit of x?
4
Let j(t) = -t**3 - 7*t**2 - 6*t - 6. Let h be j(-6). Let u(k) = 10*k + 4. Let b(q) = 3*q + 1. Let p(m) = -7*b(m) + 2*u(m). What is the units digit of p(h)?
7
Suppose -k = -0*k - 4. Suppose 19 = k*i + 7. What is the units digit of i?
3
Let m = -94 - -142. What is the tens digit of m?
4
Let k = 142 - 85. What is the tens digit of k?
5
Suppose -o - 5*w - 11 = -30, 4 = w. Let c be -2 + (3 - 2)*o. What is the units digit of 3/1*(-4)/c?
4
Let d(y) = -2*y - 7. Let a be d(-5). Suppose t - 44 = -a*t. What is the units digit of t?
1
Suppose -4 = -4*i - 0, -5*i = 3*b - 65. What is the tens digit of b?
2
Let m(o) = 2*o**2 + 13*o + 2. What is the tens digit of m(12)?
4
Let y(g) = -4*g - 4. Let n(m) = 3*m + 5. Let t(x) = -4*n(x) - 5*y(x). What is the units digit of t(1)?
8
Suppose 0 = -x - 3*k + 2*k + 8, 3*x - 24 = 2*k. Suppose 2*s - 4*s - x = 0. Let v(i) = i**2 + 2*i - 3. What is the units digit of v(s)?
5
Suppose 0 = 4*v, -4*v = -5*y + 9 + 16. Let d = y - -17. Suppose 5*c - 8 = d. What is the units digit of c?
6
Let z = 6 - -11. Let h = -13 + z. What is the units digit of h?
4
Let f = 83 - 56. What is the tens digit of f?
2
What is the units digit of 53 + 4/((-20)/15)?
0
Let l be 1 + -4 + 0 + 7. What is the tens digit of (-450)/(-14) - l/28?
3
Let i = -7 + 4. Let n(r) = 2*r**2 + 3*r - 3. Let d be n(i). Suppose d = 5*w - 19. What is the units digit of w?
5
Let a = 48 - 27. What is the tens digit of a?
2
Let s be (-4)/(-8)*74 - 2. Suppose 5 = -r, 5*r + 0*r + s = 5*g. What is the units digit of g?
2
Suppose -f = 4*g + 1, 4*g + 5*f = g - 5. Let a(r) = -2 + g - 6 - 2*r. What is the units digit of a(-8)?
8
Suppose -3*c + 20 = -2*n - 607, 0 = -4*n + 12. What is the units digit of c?
1
Let r(j) = 5*j + 1. What is the tens digit of r(5)?
2
Let y = 8 + -5. Suppose y*h + 48 = 5*w, 0*w - 4*h = -w + 13. Let f = 15 - w. What is the units digit of f?
6
Suppose -8*c - 31 = -9*c. What is the tens digit of c?
3
Let r(x) = -x + 4 - 2 + 2 + 4. What is the units digit of r(-8)?
6
Suppose -3*y = 2*y + 140. Suppose 0 = 6*n - 0*n - 258. Let h = n + y. What is the tens digit of h?
1
Suppose -5*i = -20, 3*i - 72 = -2*c + 2*i. What is the tens digit of c?
3
Suppose 0 = -3*i - i. Suppose 2*y - u - 188 = u, -4*u = 2*y - 158. Suppose i = -3*p, 4*o + 4*p = y + 3. What is the tens digit of o?
2
Let i(j) = -2*j**2 - 4*j - 3. Let q be i(-3). What is the tens digit of (-59)/(-4) + q/12?
1
Suppose 5*g + 5 = 0, -3*g + 84 + 5 = 4*i. Suppose 0 = o - 9 - 31. Let x = o - i. What is the units digit of x?
7
Let n(z) be the first derivative of -1/3*z**3 - 1/4*z**4 + 0*z**2 + 1 - z. What is the units digit of n(-2)?
3
Let i be 606/15 + 4/(-10). Let q = 60 - i. What is the units digit of q?
0
Let n(o) = o**3 + 12*o**2 - 17*o + 1. What is the tens digit of n(-13)?
5
Let m(s) = 3 - 4 - 15*s - 3*s + 4*s. Let x be m(1). What is the units digit of x/((-3)/(6 + -3))?
5
Let y = -18 + 34. Let k = y - 6. What is the units digit of k?
0
Suppose -7 = 3*z - 0*z - n, 3*n = -z - 9. What is the units digit of z/6*(-2 + -60)?
1
Let v be (-2)/4 + 77/14. Suppose v*m + 3 = -4*t - 6, 2*t + 2*m = -2. What is the units digit of t?
4
What is the tens digit of (-20)/16*